{"id":1518,"date":"2025-05-21T18:30:44","date_gmt":"2025-05-21T18:30:44","guid":{"rendered":"https:\/\/digilocal.com.br\/grupouv\/?page_id=1518"},"modified":"2025-05-21T19:03:51","modified_gmt":"2025-05-21T19:03:51","slug":"camiseta-sublimada","status":"publish","type":"page","link":"https:\/\/digilocal.com.br\/grupouv\/camiseta-sublimada\/","title":{"rendered":"Camiseta Sublimada"},"content":{"rendered":"\t\t<div data-elementor-type=\"wp-page\" data-elementor-id=\"1518\" class=\"elementor elementor-1518\" data-elementor-post-type=\"page\">\n\t\t\t\t<div class=\"elementor-element elementor-element-1fa1321 e-flex e-con-boxed e-con e-parent\" data-id=\"1fa1321\" data-element_type=\"container\">\n\t\t\t\t\t<div class=\"e-con-inner\">\n\t\t<div class=\"elementor-element elementor-element-5a5d7cf e-con-full e-flex e-con e-child\" data-id=\"5a5d7cf\" data-element_type=\"container\">\n\t\t\t\t<div class=\"elementor-element elementor-element-1f7b4af elementor-widget elementor-widget-heading\" data-id=\"1f7b4af\" data-element_type=\"widget\" data-widget_type=\"heading.default\">\n\t\t\t\t<div class=\"elementor-widget-container\">\n\t\t\t\t\t<h2 class=\"elementor-heading-title elementor-size-default\">Camiseta Sublimada<\/h2>\t\t\t\t<\/div>\n\t\t\t\t<\/div>\n\t\t\t\t<\/div>\n\t\t\t\t\t<\/div>\n\t\t\t\t<\/div>\n\t\t<div class=\"elementor-element elementor-element-0ac1029 e-flex e-con-boxed e-con e-parent\" data-id=\"0ac1029\" data-element_type=\"container\">\n\t\t\t\t\t<div class=\"e-con-inner\">\n\t\t<div class=\"elementor-element elementor-element-a9c0f17 e-con-full e-flex e-con e-child\" data-id=\"a9c0f17\" data-element_type=\"container\">\n\t\t<div class=\"elementor-element elementor-element-1b2da04 e-con-full e-flex e-con e-child\" data-id=\"1b2da04\" data-element_type=\"container\">\n\t\t\t\t<div class=\"elementor-element elementor-element-cda2d47 elementor-widget elementor-widget-text-editor\" data-id=\"cda2d47\" data-element_type=\"widget\" data-widget_type=\"text-editor.default\">\n\t\t\t\t<div class=\"elementor-widget-container\">\n\t\t\t\t\t\t\t\t\t<p><span style=\"font-weight: 400;\">Personalize sua camiseta como voc\u00ea quiser!<\/span><span style=\"font-weight: 400;\"><br \/><\/span><span style=\"font-weight: 400;\"><br \/><\/span><span style=\"font-weight: 400;\">Trabalhamos com malha 100% poli\u00e9ster dry fit UV ou com elastano da mais alta qualidade.<\/span><\/p><p><span style=\"font-weight: 400;\">Detalhes:<\/span><\/p><ul><li style=\"font-weight: 400;\" aria-level=\"1\"><span style=\"font-weight: 400;\">Gola ribana<\/span><\/li><li style=\"font-weight: 400;\" aria-level=\"1\"><span style=\"font-weight: 400;\">Impress\u00e3o digital de alta resolu\u00e7\u00e3o<\/span><\/li><li style=\"font-weight: 400;\" aria-level=\"1\"><span style=\"font-weight: 400;\">Tecido dry fit<\/span><\/li><li style=\"font-weight: 400;\" aria-level=\"1\"><span style=\"font-weight: 400;\">Arte por conta do cliente<\/span><\/li><li style=\"font-weight: 400;\" aria-level=\"1\"><span style=\"font-weight: 400;\">Pedido m\u00ednimo de 100 pe\u00e7as<\/span><\/li><\/ul><p><span style=\"font-weight: 400;\">Entre em contato agora mesmo com nossa equipe comercial para receber um or\u00e7amento.<\/span><\/p>\t\t\t\t\t\t\t\t<\/div>\n\t\t\t\t<\/div>\n\t\t\t\t<\/div>\n\t\t\t\t<div class=\"elementor-element elementor-element-8b52eec elementor-align-center elementor-widget elementor-widget-button\" data-id=\"8b52eec\" data-element_type=\"widget\" data-widget_type=\"button.default\">\n\t\t\t\t<div class=\"elementor-widget-container\">\n\t\t\t\t\t\t\t\t\t<div class=\"elementor-button-wrapper\">\n\t\t\t\t\t<a class=\"elementor-button elementor-button-link elementor-size-sm\" href=\"https:\/\/api.whatsapp.com\/send\/?phone=5511997267772&#038;text=Ol%C3%A1%2C+vim+do+site+e+gostaria+de+mais+informa%C3%A7%C3%B5es+sobre+os+servi%C3%A7os+da+UV+Protech.&#038;type=phone_number&#038;app_absent=0\" target=\"_blank\">\n\t\t\t\t\t\t<span class=\"elementor-button-content-wrapper\">\n\t\t\t\t\t\t\t\t\t<span class=\"elementor-button-text\">Or\u00e7amento<\/span>\n\t\t\t\t\t<\/span>\n\t\t\t\t\t<\/a>\n\t\t\t\t<\/div>\n\t\t\t\t\t\t\t\t<\/div>\n\t\t\t\t<\/div>\n\t\t\t\t<\/div>\n\t\t<div class=\"elementor-element elementor-element-c6878ac e-con-full e-flex e-con e-child\" data-id=\"c6878ac\" data-element_type=\"container\">\n\t\t\t\t<div class=\"elementor-element elementor-element-23d5367 elementor-widget elementor-widget-image\" data-id=\"23d5367\" data-element_type=\"widget\" data-widget_type=\"image.default\">\n\t\t\t\t<div class=\"elementor-widget-container\">\n\t\t\t\t\t\t\t\t\t\t\t\t\t\t\t<img fetchpriority=\"high\" decoding=\"async\" width=\"1024\" height=\"1024\" src=\"https:\/\/digilocal.com.br\/grupouv\/wp-content\/uploads\/2025\/05\/Camiseta-Sublimada-v2-1024x1024.jpg\" class=\"attachment-large size-large wp-image-1335\" alt=\"\" srcset=\"https:\/\/digilocal.com.br\/grupouv\/wp-content\/uploads\/2025\/05\/Camiseta-Sublimada-v2-1024x1024.jpg 1024w, https:\/\/digilocal.com.br\/grupouv\/wp-content\/uploads\/2025\/05\/Camiseta-Sublimada-v2-300x300.jpg 300w, https:\/\/digilocal.com.br\/grupouv\/wp-content\/uploads\/2025\/05\/Camiseta-Sublimada-v2-150x150.jpg 150w, https:\/\/digilocal.com.br\/grupouv\/wp-content\/uploads\/2025\/05\/Camiseta-Sublimada-v2-768x768.jpg 768w, https:\/\/digilocal.com.br\/grupouv\/wp-content\/uploads\/2025\/05\/Camiseta-Sublimada-v2-1536x1536.jpg 1536w, https:\/\/digilocal.com.br\/grupouv\/wp-content\/uploads\/2025\/05\/Camiseta-Sublimada-v2-2048x2048.jpg 2048w\" sizes=\"(max-width: 1024px) 100vw, 1024px\" \/>\t\t\t\t\t\t\t\t\t\t\t\t\t\t\t<\/div>\n\t\t\t\t<\/div>\n\t\t\t\t<\/div>\n\t\t\t\t\t<\/div>\n\t\t\t\t<\/div>\n\t\t\t\t<\/div>\n\t\t","protected":false},"excerpt":{"rendered":"<p>Camiseta Sublimada Personalize sua camiseta como voc\u00ea quiser! Trabalhamos com malha 100% poli\u00e9ster dry fit UV ou com elastano da mais alta qualidade. Detalhes: Gola ribana Impress\u00e3o digital de alta resolu\u00e7\u00e3o Tecido dry fit Arte por conta do cliente Pedido m\u00ednimo de 100 pe\u00e7as Entre em contato agora mesmo com nossa equipe comercial para receber [&hellip;]<\/p>\n","protected":false},"author":1,"featured_media":0,"parent":0,"menu_order":0,"comment_status":"closed","ping_status":"closed","template":"","meta":{"site-sidebar-layout":"no-sidebar","site-content-layout":"page-builder","ast-site-content-layout":"full-width-container","site-content-style":"default","site-sidebar-style":"default","ast-global-header-display":"","ast-banner-title-visibility":"","ast-main-header-display":"","ast-hfb-above-header-display":"","ast-hfb-below-header-display":"","ast-hfb-mobile-header-display":"","site-post-title":"disabled","ast-breadcrumbs-content":"","ast-featured-img":"disabled","footer-sml-layout":"","theme-transparent-header-meta":"","adv-header-id-meta":"","stick-header-meta":"","header-above-stick-meta":"","header-main-stick-meta":"","header-below-stick-meta":"","astra-migrate-meta-layouts":"set","ast-page-background-enabled":"default","ast-page-background-meta":{"desktop":{"background-color":"","background-image":"","background-repeat":"repeat","background-position":"center center","background-size":"auto","background-attachment":"scroll","background-type":"","background-media":"","overlay-type":"","overlay-color":"","overlay-opacity":"","overlay-gradient":""},"tablet":{"background-color":"","background-image":"","background-repeat":"repeat","background-position":"center center","background-size":"auto","background-attachment":"scroll","background-type":"","background-media":"","overlay-type":"","overlay-color":"","overlay-opacity":"","overlay-gradient":""},"mobile":{"background-color":"","background-image":"","background-repeat":"repeat","background-position":"center center","background-size":"auto","background-attachment":"scroll","background-type":"","background-media":"","overlay-type":"","overlay-color":"","overlay-opacity":"","overlay-gradient":""}},"ast-content-background-meta":{"desktop":{"background-color":"var(--ast-global-color-5)","background-image":"","background-repeat":"repeat","background-position":"center center","background-size":"auto","background-attachment":"scroll","background-type":"","background-media":"","overlay-type":"","overlay-color":"","overlay-opacity":"","overlay-gradient":""},"tablet":{"background-color":"var(--ast-global-color-5)","background-image":"","background-repeat":"repeat","background-position":"center center","background-size":"auto","background-attachment":"scroll","background-type":"","background-media":"","overlay-type":"","overlay-color":"","overlay-opacity":"","overlay-gradient":""},"mobile":{"background-color":"var(--ast-global-color-5)","background-image":"","background-repeat":"repeat","background-position":"center center","background-size":"auto","background-attachment":"scroll","background-type":"","background-media":"","overlay-type":"","overlay-color":"","overlay-opacity":"","overlay-gradient":""}},"footnotes":""},"class_list":["post-1518","page","type-page","status-publish","hentry"],"_links":{"self":[{"href":"https:\/\/digilocal.com.br\/grupouv\/wp-json\/wp\/v2\/pages\/1518","targetHints":{"allow":["GET"]}}],"collection":[{"href":"https:\/\/digilocal.com.br\/grupouv\/wp-json\/wp\/v2\/pages"}],"about":[{"href":"https:\/\/digilocal.com.br\/grupouv\/wp-json\/wp\/v2\/types\/page"}],"author":[{"embeddable":true,"href":"https:\/\/digilocal.com.br\/grupouv\/wp-json\/wp\/v2\/users\/1"}],"replies":[{"embeddable":true,"href":"https:\/\/digilocal.com.br\/grupouv\/wp-json\/wp\/v2\/comments?post=1518"}],"version-history":[{"count":4,"href":"https:\/\/digilocal.com.br\/grupouv\/wp-json\/wp\/v2\/pages\/1518\/revisions"}],"predecessor-version":[{"id":1538,"href":"https:\/\/digilocal.com.br\/grupouv\/wp-json\/wp\/v2\/pages\/1518\/revisions\/1538"}],"wp:attachment":[{"href":"https:\/\/digilocal.com.br\/grupouv\/wp-json\/wp\/v2\/media?parent=1518"}],"curies":[{"name":"wp","href":"https:\/\/api.w.org\/{rel}","templated":true}]}}